908 is divided by 312.
308
Calculate the remainder when 49358 is divided by 10.
8
Calculate the remainder when 48910 is divided by 115.
35
What is the remainder when 5869 is divided by 109?
92
Calculate the remainder when 41327 is divided by 41.
40
What is the remainder when 11671 is divided by 2889?
115
What is the remainder when 1414 is divided by 596?
222
What is the remainder when 6752 is divided by 448?
32
Calculate the remainder when 66667 is divided by 22218.
13
What is the remainder when 18741 is divided by 48?
21
What is the remainder when 340452 is divided by 15?
12
Calculate the remainder when 12525 is divided by 108.
105
What is the remainder when 124682 is divided by 134?
62
What is the remainder when 3136400 is divided by 249?
245
Calculate the remainder when 950 is divided by 57.
38
What is the remainder when 66766 is divided by 373?
372
What is the remainder when 33451 is divided by 389?
386
What is the remainder when 14518 is divided by 7067?
384
What is the remainder when 2575 is divided by 1114?
347
Calculate the remainder when 7583 is divided by 318.
269
Calculate the remainder when 52258 is divided by 256.
34
Calculate the remainder when 14007 is divided by 3491.
43
Calculate the remainder when 29252 is divided by 21.
20
Calculate the remainder when 5266 is divided by 189.
163
What is the remainder when 311649 is divided by 333?
294
What is the remainder when 277344 is divided by 11?
1
What is the remainder when 1415 is divided by 793?
622
What is the remainder when 27331 is divided by 158?
155
Calculate the remainder when 134 is divided by 30.
14
What is the remainder when 52939 is divided by 62?
53
Calculate the remainder when 549507 is divided by 390.
387
Calculate the remainder when 34013 is divided by 8.
5
What is the remainder when 6613 is divided by 36?
25
What is the remainder when 599 is divided by 183?
50
What is the remainder when 1304 is divided by 614?
76
What is the remainder when 8981 is divided by 1120?
21
What is the remainder when 30793 is divided by 65?
48
What is the remainder when 3020 is divided by 112?
108
Calculate the remainder when 25384 is divided by 155.
119
What is the remainder when 511404 is divided by 423?
420
Calculate the remainder when 8122 is divided by 738.
4
What is the remainder when 291894 is divided by 22?
20
What is the remainder when 1046 is divided by 464?
118
Calculate the remainder when 183376 is divided by 501.
10
Calculate the remainder when 291715 is divided by 3601.
34
Calculate the remainder when 1119 is divided by 44.
19
What is the remainder when 3340 is divided by 161?
120
What is the remainder when 41458 is divided by 60?
58
What is the remainder when 68926 is divided by 268?
50
What is the remainder when 4390 is divided by 129?
4
What is the remainder when 297399 is divided by 291?
288
What is the remainder when 1242 is divided by 89?
85
Calculate the remainder when 20048 is divided by 20046.
2
Calculate the remainder when 158328 is divided by 593.
590
What is the remainder when 365 is divided by 27?
14
What is the remainder when 13844 is divided by 23?
21
Calculate the remainder when 73851 is divided by 10549.
8
Calculate the remainder when 8931 is divided by 278.
35
What is the remainder when 41223 is divided by 777?
42
Calculate the remainder when 158320 is divided by 79149.
22
Calculate the remainder when 195953 is divided by 22.
21
Calculate the remainder when 198164 is divided by 60.
44
What is the remainder when 20677 is divided by 105?
97
Calculate the remainder when 2250 is divided by 69.
42
What is the remainder when 53858 is divided by 1497?
1463
What is the remainder when 5630 is divided by 284?
234
Calculate the remainder when 26949 is divided by 1692.
1569
What is the remainder when 12848 is divided by 135?
23
Calculate the remainder when 2633 is divided by 600.
233
What is the remainder when 569790 is divided by 903?
900
What is the remainder when 899905 is divided by 8256?
1
What is the remainder when 5477852 is divided by 706?
704
What is the remainder when 2953 is divided by 887?
292
Calculate the remainder when 3330 is divided by 36.
18
Calculate the remainder when 42026 is divided by 4.
2
Calculate the remainder when 17305 is divided by 29.
21
What is the remainder when 1105 is divided by 326?
127
Calculate the remainder when 5246 is divided by 399.
59
Calculate the remainder when 335 is divided by 123.
89
Calculate the remainder when 301 is divided by 270.
31
Calculate the remainder when 376 is divided by 19.
15
What is the remainder when 2882 is divided by 6?
2
Calculate the remainder when 75169 is divided by 60.
49
Calculate the remainder when 62717 is divided by 541.
502
Calculate the remainder when 28984 is divided by 1117.
1059
Calculate the remainder when 112620 is divided by 18.
12
Calculate the remainder when 3884541 is divided by 173.
172
Calculate the remainder when 155368 is divided by 179.
175
Calculate the remainder when 330441 is divided by 110144.
9
What is the remainder when 357 is divided by 333?
24
Calculate the remainder when 8273 is divided by 1251.
767
What is the remainder when 4499 is divided by 1414?
257
What is the remainder when 28452 is divided by 152?
28
What is the remainder when 25419 is divided by 495?
174
What is the remainder when 620397 is divided by 12?
9
What is the remainder when 154826 is divided by 281?
276
Calculate the remainder when 1806 is divided by 536.
198
What is the remainder when 189569 is divided by 534?
533
Calculate the remainder when 1887 is divided by 274.
243
What is the remainder when 408172 is divided by 136048?
28
Calculate the remainder when 2837 is divided by 148.
25
Calculate the remainder when 23499 is divided by 331.
329
What is the remainder when 17442 is divided by 699?
666
Calculate the remainder when 8319 is divided by 4159.
1
Calculate the remainder when 23003 is divided by 7621.
140
What is the remainder when 99099 is divided by 19814?
29
What is the remainder when 223699 is divided by 1434?
1429
What is the remainder when 5463 is divided by 228?
219
What is the remainder when 3623 is divided by 847?
235
Calculate the remainder when 783077 is divided by 621.
617
Calculate the remainder when 49663 is divided by 207.
190
Calculate the remainder when 206367 is divided by 30.
27
Calculate the remainder when 53939 is divided by 20.
19
What is the remainder when 3270 is divided by 204?
6
Calculate the remainder when 342566 is divided by 257.
242
Calculate the remainder when 7042 is divided by 3462.
118
Calculate the remainder when 6618 is divided by 91.
66
What is the remainder when 65496 is divided by 185?
6
Calculate the remainder when 155729 is divided by 54.
47
Calculate the remainder when 67422 is divided by 1985.
1917
Calculate the remainder when 122057 is divided by 55.
12
What is the remainder when 59262 is divided by 19752?
6
Calculate the remainder when 21066 is divided by 540.
6
What is the remainder when 15208 is divided by 339?
292
What is the remainder when 39522 is divided by 203?
140
What is the remainder when 6298 is divided by 1833?
799
Calculate the remainder when 36524 is divided by 7115.
949
What is the remainder when 388 is divided by 377?
11
Calculate the remainder when 415 is divided by 105.
100
What is the remainder when 8537 is divided by 8469?
68
What is the remainder when 8772 is divided by 59?
40
What is the remainder when 5314008 is divided by 23?
19
What is the remainder when 449912 is divided by 51?
41
What is the remainder when 27094 is divided by 13535?
24
What is the remainder when 5933 is divided by 8?
5
Calculate the remainder when 99650 is divided by 1993.
0
Calculate the remainder when 1459 is divided by 181.
11
What is the remainder when 42478 is divided by 720?
718
Calculate the remainder when 631475 is divided by 47.
30
What is the remainder when 212660 is divided by 24?
20
What is the remainder when 26256 is divided by 1141?
13
What is the remainder when 94384 is divided by 200?
184
What is the remainder when 42837 is divided by 280?
277
What is the remainder when 1311941 is divided by 2?
1
Calculate the remainder when 3393318 is divided by 280.
278
Calculate the remainder when 4238 is divided by 1399.
41
What is the remainder when 7374 i